541.
3, 7, 4518121
What are the prime factors of 1707040504?
2, 13, 71, 151, 1531
What are the prime factors of 5856424858?
2, 97, 30187757
List the prime factors of 8801463287.
26861, 327667
What are the prime factors of 19796878?
2, 53, 186763
List the prime factors of 3157269164.
2, 7, 112759613
What are the prime factors of 2527151245?
5, 37, 13660277
List the prime factors of 2519211348.
2, 3, 137, 170263
List the prime factors of 34089892.
2, 8522473
List the prime factors of 42589307.
23, 43, 43063
What are the prime factors of 51064205?
5, 59, 173099
List the prime factors of 56561565.
3, 5, 751, 5021
List the prime factors of 39610179.
3, 7, 89819
What are the prime factors of 48586046?
2, 1483, 16381
List the prime factors of 457403582.
2, 9749, 23459
List the prime factors of 76871023.
41, 1874903
What are the prime factors of 2992925187?
3, 7, 15835583
What are the prime factors of 570683573?
43, 13271711
What are the prime factors of 76150487?
7, 10878641
What are the prime factors of 23369279?
101, 231379
What are the prime factors of 3244245960?
2, 3, 5, 61, 443203
What are the prime factors of 1466931501?
3, 7, 31, 691, 1087
List the prime factors of 581483026.
2, 13043, 22291
List the prime factors of 19273822.
2, 1103, 8737
What are the prime factors of 89975511?
3, 163, 61333
List the prime factors of 136605675.
3, 5, 1821409
List the prime factors of 920835973.
601, 1532173
List the prime factors of 4015693222.
2, 2007846611
List the prime factors of 95147418.
2, 3, 15857903
List the prime factors of 61971686.
2, 7, 43, 113, 911
What are the prime factors of 937696980?
2, 3, 5, 11, 1420753
What are the prime factors of 208975522?
2, 7, 59, 431, 587
What are the prime factors of 315724484?
2, 78931121
List the prime factors of 513055325.
5, 17, 239, 5051
What are the prime factors of 609630968?
2, 41, 1858631
What are the prime factors of 566622318?
2, 3, 47, 2009299
List the prime factors of 5322440761.
11, 11471, 42181
What are the prime factors of 110186465?
5, 109, 181, 1117
List the prime factors of 96767125.
5, 7, 13, 47, 181
List the prime factors of 189774259.
189774259
List the prime factors of 45130870.
2, 5, 59, 76493
What are the prime factors of 2191076826?
2, 3, 617, 591863
List the prime factors of 19004060.
2, 5, 223, 4261
List the prime factors of 548634614.
2, 11, 19, 1312523
List the prime factors of 191192794.
2, 13, 7353569
What are the prime factors of 24813677?
7, 19, 186569
List the prime factors of 7840698.
2, 3, 547, 2389
List the prime factors of 26460923.
26460923
What are the prime factors of 3221836776?
2, 3, 79, 349, 541
What are the prime factors of 2430891553?
5197, 467749
What are the prime factors of 474884680?
2, 5, 23, 516179
List the prime factors of 37493858.
2, 18746929
What are the prime factors of 4958271957?
3, 149, 11092331
What are the prime factors of 41437454?
2, 491, 42197
What are the prime factors of 185084877?
3, 193, 293, 1091
What are the prime factors of 12346491?
3, 173, 23789
What are the prime factors of 47162307?
3, 73, 215353
List the prime factors of 731463817.
7, 31, 373, 1291
List the prime factors of 44706275.
5, 701, 2551
List the prime factors of 136370630.
2, 5, 11, 43, 2621
List the prime factors of 88119784.
2, 11014973
What are the prime factors of 2562542048?
2, 11, 1291, 5639
What are the prime factors of 1302613689?
3, 13, 33400351
List the prime factors of 409388082.
2, 3, 139, 331, 1483
What are the prime factors of 1775959217?
29, 31, 83, 23801
List the prime factors of 52138168.
2, 2207, 2953
List the prime factors of 104648238.
2, 3, 19, 67, 4567
What are the prime factors of 193562407?
1907, 101501
What are the prime factors of 408893986?
2, 204446993
What are the prime factors of 100624822?
2, 31, 1622981
What are the prime factors of 251400785?
5, 50280157
What are the prime factors of 635283813?
3, 211761271
List the prime factors of 45643883.
29, 1573927
List the prime factors of 5890566619.
7, 841509517
List the prime factors of 37910173.
7, 89, 8693
List the prime factors of 4479305233.
13, 19, 18134839
List the prime factors of 7814752182.
2, 3, 23, 699119
What are the prime factors of 23212034?
2, 19, 610843
What are the prime factors of 431754067?
41, 3169, 3323
What are the prime factors of 1079578568?
2, 134947321
List the prime factors of 153259617.
3, 7, 7298077
List the prime factors of 4438854894.
2, 3, 739809149
List the prime factors of 17463371.
23, 37, 20521
List the prime factors of 65828462.
2, 7, 83, 8093
What are the prime factors of 117328092?
2, 3, 7, 1163, 1201
List the prime factors of 100038286.
2, 50019143
List the prime factors of 135967639.
135967639
List the prime factors of 450284564.
2, 112571141
What are the prime factors of 20930646?
2, 3, 11, 307, 1033
What are the prime factors of 5017149?
3, 557461
List the prime factors of 49006551.
3, 11, 1485047
List the prime factors of 92177625.
3, 5, 373, 659
What are the prime factors of 778981844?
2, 194745461
What are the prime factors of 102870126?
2, 3, 907, 6301
List the prime factors of 3655851903.
3, 11, 953, 38749
What are the prime factors of 795877682?
2, 29, 73, 187973
List the prime factors of 1613948792.
2, 47, 53, 80989
What are the prime factors of 589588074?
2, 3, 67, 488879
What are the prime factors of 2550729223?
7, 364389889
List the prime factors of 199513973.
419, 476167
List the prime factors of 5541570893.
79, 577, 121571
What are the prime factors of 243708722?
2, 121854361
What are the prime factors of 663309903?
3, 23, 71, 1907
List the prime factors of 824700478.
2, 7, 1237, 6803
What are the prime factors of 106255295?
5, 179, 227, 523
List the prime factors of 79953718.
2, 13, 1439, 2137
List the prime factors of 886784480.
2, 5, 79, 70157
What are the prime factors of 242104589?
433, 559133
What are the prime factors of 21499697?
19, 67, 16889
List the prime factors of 11268387.
3, 13, 19, 37, 137
What are the prime factors of 234915742?
2, 977, 120223
List the prime factors of 484861148.
2, 17, 383, 18617
What are the prime factors of 1112802190?
2, 5, 10037, 11087
What are the prime factors of 9320405?
5, 23, 81047
List the prime factors of 342501218.
2, 263, 651143
What are the prime factors of 139590447?
3, 46530149
What are the prime factors of 21715773?
3, 41, 176551
List the prime factors of 1674336492.
2, 3, 457, 101771
List the prime factors of 213345463.
1321, 161503
What are the prime factors of 421979017?
421979017
What are the prime factors of 223348483?
107, 349, 5981
List the prime factors of 2298553868.
2, 13, 44202959
What are the prime factors of 1472495941?
7, 210356563
What are the prime factors of 121345020?
2, 3, 5, 19, 11827
List the prime factors of 726607653.
3, 242202551
List the prime factors of 1462762733.
409, 3576437
What are the prime factors of 2147026051?
137, 2011, 7793
List the prime factors of 3691751026.
2, 1845875513
What are the prime factors of 205386751?
19, 10809829
What are the prime factors of 419226200?
2, 5, 131, 16001
What are the prime factors of 105287272?
2, 2069, 6361
List the prime factors of 2669396985.
3, 5, 19773311
List the prime factors of 98236485.
3, 5, 29, 75277
What are the prime factors of 112464692?
2, 28116173
What are the prime factors of 165425348?
2, 11, 3759667
What are the prime factors of 30045047?
1481, 20287
List the prime factors of 77678176.
2, 23, 105541
List the prime factors of 2428865725.
5, 11, 13, 679403
What are the prime factors of 2173545081?
3, 17, 71, 200087
What are the prime factors of 793079850?
2, 3, 5, 5287199
What are the prime factors of 426876791?
11, 38806981
What are the prime factors of 206925253?
79, 179, 14633
List the prime factors of 173371514.
2, 193, 449149
List the prime factors of 589720858.
2, 29, 10167601
What are the prime factors of 1322269020?
2, 3, 5, 1987, 3697
List the prime factors of 12245655.
3, 5, 816377
What are the prime factors of 36213779?
7, 29, 178393
What are the prime factors of 82398407?
7, 13, 905477
What are the prime factors of 544570560?
2, 3, 5, 63029
What are the prime factors of 116025545?
5, 23205109
What are the prime factors of 5854479234?
2, 3, 19, 71, 38069
What are the prime factors of 54429410?
2, 